{"id":9,"date":"2019-02-24T13:39:15","date_gmt":"2019-02-24T12:39:15","guid":{"rendered":"http:\/\/grabadoyceramica.com\/?page_id=9"},"modified":"2021-05-14T08:41:00","modified_gmt":"2021-05-14T06:41:00","slug":"grabado-y-ceramica-espanola","status":"publish","type":"page","link":"https:\/\/grabadoyceramica.com\/index.php\/grabado-y-ceramica-espanola\/","title":{"rendered":"Grabado y Cer\u00e1mica Espa\u00f1ola"},"content":{"rendered":"<p>[et_pb_section fb_built=\u00bb1&#8243; _builder_version=\u00bb3.22&#8243;][et_pb_row _builder_version=\u00bb3.25&#8243;][et_pb_column type=\u00bb4_4&#8243; _builder_version=\u00bb3.25&#8243; custom_padding=\u00bb|||\u00bb custom_padding__hover=\u00bb|||\u00bb][et_pb_text _builder_version=\u00bb4.9.4&#8243; hover_enabled=\u00bb0&#8243; sticky_enabled=\u00bb0&#8243;]<\/p>\n<p><span style=\"font-family: Amita; font-weight: normal; font-size: x-large;\">N<\/span>uestra historia<\/p>\n<p>\u00a1BIENVENID@!<\/p>\n<p>Aqu\u00ed queremos contarte qui\u00e9nes somos y parte de nuestra historia, sobre Grabado y Cer\u00e1mica Espa\u00f1ola s.l.<\/p>\n<p>Grabado y Ceramica Espa\u00f1ola es una empresa familiar que \u00a0fue creada en 2006 por Rosario Guti\u00e9rrez , tras una amplia experiencia trabajando en el sector de la cer\u00e1mica, especialmente en la cuerda seca. La actividad principal es la cer\u00e1mica artesana andaluza conocida como \u201ccuerda seca\u201d que es una t\u00e9cnica conocida desde \u00e9poca omeya, y plenamente desarrollada en Al-\u00c1ndalus en el siglo X. La pieza se moldea y se cuece para obtener el bizcocho con la textura y dureza adecuada para seguir el proceso.<\/p>\n<p>Para evitar que haya mezcla de colores durante la cochura se realiza previamente las separaciones del dibujo a realizar abriendo surcos en la pieza que se rellenan con una mezcla de manganeso con un medio graso como el aceite . Posteriormente, con los colores elegidos se llenan los espacios que quedan entre las l\u00edneas. Cuando se terminan de rellenar todas las zonas, se introduce en un horno cer\u00e1mico, donde le damos una segunda cocci\u00f3n para fundir los esmaltes y mostrar la viveza de los colores. Se aplica el oro de 24 quilates a pincel y se realiza la tercera y definitiva cocci\u00f3n llamada el tercer<br \/>fuego donde la pieza logra su acabado definitivo. De esta forma, conseguimos la elaboraci\u00f3n de unos productos artesanales y de calidad superior.<\/p>\n<p>Nuestros productos son art\u00edculos totalmente artesanales realizado a mano , nuestro principal objetivo es cautivar a las personas con dise\u00f1os exclusivos y coloridos , por ello tambi\u00e9n nos adaptamos siempre a lo que nuestros clientes nos soliciten a parte de un gran cat\u00e1logo donde podr\u00e1s encontrar (relojes, espejos, azulejos, platos, placas de nacimiento, de boda, murales, recuerdos y detalles de muchas de las provincias y comunidades).<\/p>\n<p>Tenemos una gran experiencia en el sector y ofrecemos los mejores productos del mercado a unas condiciones inmejorables. Somos profesionales, garantizamos nuestros productos. Nuestra mayor satisfacci\u00f3n es que el cliente quede satisfecho con su compra.<br \/>Seguimos creando y trabajando las ideas que nuestros clientes nos solicit\u00e1is para as\u00ed, poder dar el mejor servicio a todos.<br \/>Para despedirnos, desde el equipo artesano de Grabado y Cer\u00e1mica Espa\u00f1ola \u00a0deseamos que este peque\u00f1o rinc\u00f3n haya sido de vuestro agrado y que pronto<br \/>volv\u00e1is a visitarnos , muchas gracias.<\/p>\n<p>\u00a0\u00a1Hasta pronto!<\/p>\n<p>[\/et_pb_text][\/et_pb_column][\/et_pb_row][et_pb_row _builder_version=\u00bb4.9.4&#8243; _module_preset=\u00bbdefault\u00bb][et_pb_column _builder_version=\u00bb4.9.4&#8243; _module_preset=\u00bbdefault\u00bb type=\u00bb4_4&#8243;][et_pb_image src=\u00bbhttp:\/\/grabadoyceramica.com\/wp-content\/uploads\/2021\/05\/Portada1.jpg\u00bb _builder_version=\u00bb4.9.4&#8243; _module_preset=\u00bbdefault\u00bb title_text=\u00bbPortada1&#8243; hover_enabled=\u00bb0&#8243; sticky_enabled=\u00bb0&#8243;][\/et_pb_image][\/et_pb_column][\/et_pb_row][\/et_pb_section]<\/p>\n","protected":false},"excerpt":{"rendered":"<p>Nuestra historia \u00a1BIENVENID@! Aqu\u00ed queremos contarte qui\u00e9nes somos y parte de nuestra historia, sobre Grabado y Cer\u00e1mica Espa\u00f1ola s.l. Grabado y Ceramica Espa\u00f1ola es una empresa familiar que \u00a0fue creada en 2006 por Rosario Guti\u00e9rrez , tras una amplia experiencia trabajando en el sector de la cer\u00e1mica, especialmente en la cuerda seca. La actividad principal [&hellip;]<\/p>\n","protected":false},"author":1,"featured_media":0,"parent":0,"menu_order":0,"comment_status":"closed","ping_status":"closed","template":"","meta":{"_et_pb_use_builder":"on","_et_pb_old_content":"","_et_gb_content_width":"","footnotes":""},"class_list":["post-9","page","type-page","status-publish","hentry"],"_links":{"self":[{"href":"https:\/\/grabadoyceramica.com\/index.php\/wp-json\/wp\/v2\/pages\/9","targetHints":{"allow":["GET"]}}],"collection":[{"href":"https:\/\/grabadoyceramica.com\/index.php\/wp-json\/wp\/v2\/pages"}],"about":[{"href":"https:\/\/grabadoyceramica.com\/index.php\/wp-json\/wp\/v2\/types\/page"}],"author":[{"embeddable":true,"href":"https:\/\/grabadoyceramica.com\/index.php\/wp-json\/wp\/v2\/users\/1"}],"replies":[{"embeddable":true,"href":"https:\/\/grabadoyceramica.com\/index.php\/wp-json\/wp\/v2\/comments?post=9"}],"version-history":[{"count":5,"href":"https:\/\/grabadoyceramica.com\/index.php\/wp-json\/wp\/v2\/pages\/9\/revisions"}],"predecessor-version":[{"id":96,"href":"https:\/\/grabadoyceramica.com\/index.php\/wp-json\/wp\/v2\/pages\/9\/revisions\/96"}],"wp:attachment":[{"href":"https:\/\/grabadoyceramica.com\/index.php\/wp-json\/wp\/v2\/media?parent=9"}],"curies":[{"name":"wp","href":"https:\/\/api.w.org\/{rel}","templated":true}]}}